hat is 134033203 + 14021?
134102224
In base 3, what is 1112112210011120 + 211?
1112112210012101
In base 13, what is 26a6 - -536?
2c0c
In base 7, what is -130242053 - 4?
-130242060
In base 6, what is 2032 + -1210?
422
In base 8, what is 17420 + -6212?
11206
In base 7, what is 350405545 + 0?
350405545
In base 2, what is 101001011110 - 100001100111010?
-11100011011100
In base 13, what is a84b1 - -322?
a8803
In base 11, what is -50 + -568a35?
-568a85
In base 3, what is 2001120101100 - -1221?
2001120110021
In base 10, what is 76911 + -12090?
64821
In base 8, what is -11 - 250701376?
-250701407
In base 16, what is -55 + 533c?
52e7
In base 6, what is -405 + -210115?
-210524
In base 11, what is 95 - -2419774?
2419859
In base 6, what is 10110 - 512244?
-502134
In base 13, what is -331 + b74?
843
In base 12, what is -38 + 17b6275?
17b6239
In base 8, what is -632 + 225712?
225060
In base 8, what is -5 + -15060025?
-15060032
In base 11, what is -2862296 - -5?
-2862291
In base 15, what is -2b7b378 + -12?
-2b7b38a
In base 12, what is -17ba323 - -6?
-17ba319
In base 12, what is 109 + -11a8?
-109b
In base 16, what is -43a + -12b5?
-16ef
In base 15, what is 1ca38905 + 1?
1ca38906
In base 14, what is -508059a + d?
-508058b
In base 16, what is -71e7d0 - -4?
-71e7cc
In base 10, what is -1487280 - 62?
-1487342
In base 16, what is db6 - 86d?
549
In base 15, what is d7e80b1 + 2?
d7e80b3
In base 12, what is 26a5a - -10?
26a6a
In base 8, what is 0 - 7104415?
-7104415
In base 10, what is -3101187 + -37?
-3101224
In base 8, what is 20044 + 17166?
37232
In base 13, what is c38c8 + -126?
c37a2
In base 4, what is -303203123100 + -100?
-303203123200
In base 16, what is 60e014 + -8?
60e00c
In base 6, what is 52431141 + -5?
52431132
In base 10, what is 5 - -2868990?
2868995
In base 4, what is -22 - -1320311330?
1320311302
In base 12, what is -33090951 + -7?
-33090958
In base 5, what is 243103242 - -41?
243103333
In base 16, what is -6b1bcf + 11?
-6b1bbe
In base 13, what is 1b - -14c391a?
14c3938
In base 12, what is 12 + -56923?
-56911
In base 7, what is 40560 + -155?
40402
In base 10, what is -10572031 + -5?
-10572036
In base 7, what is 536 + -12632?
-12063
In base 15, what is -b674 - 139?
-b7ad
In base 11, what is 3 - -24687363?
24687366
In base 9, what is 8 + 42650126?
42650135
In base 15, what is 3 - -6a62071?
6a62074
In base 15, what is -1dc + -8e?
-27b
In base 10, what is -76309 - 10360?
-86669
In base 9, what is -3225324 + -4?
-3225328
In base 7, what is 11445 + 5116?
16564
In base 4, what is 11 + 121231002222?
121231002233
In base 3, what is -212000001 + 1211202121?
222202120
In base 15, what is -211 - -5c693?
5c482
In base 16, what is -7 + 2593514?
259350d
In base 14, what is 4 - -5701248?
570124c
In base 11, what is 7 + -90962?
-90956
In base 11, what is -2aa4143 - -2?
-2aa4141
In base 8, what is -10114553 + 762?
-10113571
In base 10, what is -202985 - 123?
-203108
In base 16, what is 26e23ab8 + -1?
26e23ab7
In base 15, what is -2 + c2086?
c2084
In base 12, what is 20bbb6 - -21?
210017
In base 8, what is 430135764 + 2?
430135766
In base 5, what is 3 + 1001112043?
1001112101
In base 10, what is -166193 - -50?
-166143
In base 6, what is -3433 - 1151?
-5024
In base 10, what is 78 + -20794?
-20716
In base 15, what is 3 - -196e7b?
196e7e
In base 13, what is a6a64 - -b2a?
a7891
In base 10, what is 1057 + 1983?
3040
In base 6, what is -23244034102 - 5?
-23244034111
In base 12, what is -1278081 + -44?
-1278105
In base 9, what is 5476 - -4850?
11436
In base 3, what is -110001 + -2000120110?
-2001000111
In base 12, what is 15 + 7957b1?
795806
In base 7, what is 3463 - -1304404?
1311200
In base 14, what is 2 - 701da4?
-701da2
In base 10, what is -58 - -99306?
99248
In base 2, what is -11011010001000001101000001111 + 10?
-11011010001000001101000001101
In base 4, what is 22013 - 103010121?
-102322102
In base 2, what is -101011111000100010 + 1101000100?
-101011101011011110
In base 15, what is -8ebbaa + -4?
-8ebbae
In base 7, what is 20 - -530305?
530325
In base 14, what is 15 - 1d88?
-1d73
In base 3, what is 12212200201 + 1111102?
12221012010
In base 12, what is 24 - -2b74841?
2b74865
In base 6, what is 5 - -12134153343?
12134153352
In base 12, what is -7 + 5101062?
5101057
In base 14, what is 26916 + -56?
268a0
In base 5, what is -1213003021 - -11?
-1213003010
In base 4, what is -1020 + -331313032?
-331320112
In base 11, what is 2a3432 - -204?
2a3636
In base 13, what is -791201b + 3?
-7912018
In base 11, what is 12587 - 57?
12530
In base 8, what is 4 + 23441513?
23441517
In base 7, what is 4 - -1152364560?
1152364564
In base 11, what is 290509084 - 4?
290509080
In base 11, what is 7609 - -39?
7647
In base 2, what is 101110100100 + -11010100101101?
-10100110001001
In base 16, what is 3 - -4e36347?
4e3634a
In base 4, what is -331032 + 33230210?
32233112
In base 9, what is -1432442 + -24?
-1432466
In base 9, what is -1548 - -113162?
111513
In base 13, what is 196502 - -c?
196511
In base 8, what is 337627232 - 1?
337627231
In base 6, what is -1153 + -115302?
-120455
In base 6, what is 2 - -5112000211?
5112000213
In base 11, what is -727402 - aa?
-727501
In base 9, what is 0 + 10317813?
10317813
In base 14, what is 12498 - -2687?
14b41
In base 6, what is 2155 - 302023?
-255424
In base 15, what is 344d5 - -b7?
3459c
In base 9, what is -27818 - -671?
-27137
In base 13, what is -7766 + 592?
-71a4
In base 12, what is 5 - 12124900?
-121248b7
In base 11, what is -746a - 9196?
-15655
In base 7, what is -54120410 - 0?
-54120410
In base 9, what is 1034438 + 145?
1034584
In base 11, what is 13 - -595978?
595990
In base 6, what is -2043004 - 101?
-2043105
In base 12, what is 16a - -8474b5?
847663
In base 7, what is 243 - -302636?
303212
In base 9, what is -4 - -6681566?
6681562
In base 7, what is 65410150 + 12?
65410162
In base 13, what is 12 + ab612?
ab624
In base 9, what is -174 - -36814?
36630
In base 13, what is 233a74 - -1?
233a75
In base 3, what is 120120002112211 + -1?
120120002112210
In base 8, what is 267 - -1117764?
1120253
In base 4, what is -302 + -13222313?
-13223221
In base 9, what is -13753 + -2106?
-15860
In base 10, what is 4906144 + -1?
4906143
In base 5, what is -24441024 - 232?
-24441311
In base 5, what is 12201400 + -102431?
12043414
In base 11, what is -638a856 + -22?
-638a878
In base 15, what is b51b - 1a1b?
9a00
In base 3, what is -22021221102012 + 222?
-22021221101020
In base 3, what is -122200002 - -22?
-122122210
In base 3, what is 211110201220110 + -22?
211110201220011
In base 15, what is -146 - -a75?
92e
In base 15, what is 194ae - 183?
1932b
In base 15, what is 157 + -20e1ed?
-20e096
In base 15, what is -35 + -1dd62?
-1dd97
In base 12, what is -7b4a2426 - 5?
-7b4a242b
In base 8, what is -3 + 34717465?
34717462
In base 11, what is 5 - -84487736?
84487740
In base 2, what is 110011111100 - -10011011001001?
11001111000101
In base 8, what is -1710 + -15352?
-17262
In base 11, what is -23a2 + 108992?
1065a0
In base 9, what is -182 + 3343802?
3343610
In base 6, what is 3403251250 - 2?
3403251244
In base 15, what is 6 - c679882?
-c67987b
In base 6, what is 1004131420 + -15?
1004131401
In base 12, what is -1722 + -716ab?
-73211
In base 16, what is 1cee7 - 2d?
1ceba
In base 7, what is -145330263 + 45?
-145330215
In base 6, what is -1014103404 + 110?
-1014103254
In base 4, what is 203212 + -30031020?
-23221202
In base 10, what is -3102 + -242110?
-245212
In base 2, what is -1101 - -1001000100111100010000?
1001000100111100000011
In base 3, what is 1020012111010 - -211?
1020012111221
In base 8, what is -47 + 54266?
54217
In base 11, what is -3 - 1a0205a?
-1a02062
In base 16, what is -123c + 43e?
-dfe
In base 10, what is 140 + 16210?
16350
In base 11, what is 1a185195 - 2?
1a185193
In base 13, what is -4 - 968910?
-968914
In base 5, what is -11131413 - 103?
-11132021
In base 5, what is 24043033 - 220?
24042313
In base 10, what is -613712 - -47?
-613665
In base 11, what is -3334 + -7048?
-a381
In base 7, what is -3502013665 - 1?
-3502013666
In base 16, what is -37fa - 1c?
-3816
In base 11, what is 5 + -272a0163?
-272a0159
In base 5, what is 220243 + 333214?
1104012
In base 16, what is -1ba7b07 + 1?
-1ba7b06
In base 7, what is -1 + -6643236?
-6643240
In base 7, what is -124151